{"id":476,"date":"2023-06-24T18:15:43","date_gmt":"2023-06-24T17:15:43","guid":{"rendered":"https:\/\/sesgs.si\/pohodi\/?page_id=476"},"modified":"2023-07-06T04:31:18","modified_gmt":"2023-07-06T03:31:18","slug":"manastir-sv-jovan-bigorski-mavrovsko-jezero-4-dan-ponedeljek-3-7-2023","status":"publish","type":"page","link":"https:\/\/sesgs.si\/pohodi\/manastir-sv-jovan-bigorski-mavrovsko-jezero-4-dan-ponedeljek-3-7-2023\/","title":{"rendered":"Manastir sv. Jovan Bigorski, Mavrovsko jezero (4. dan, ponedeljek, 3. 7. 2023)"},"content":{"rendered":"\n<p>Zbudili smo se v son\u010dnem ponedeljekovem jutru. Ta dan nas je \u010dakala pot proti Skopju. Potem pa let z letolom iz Skopskega letali\u0161\u010da do Zagreba. Na koncu nas je avtobus odpeljal do \u0160C Kranj. Tako se je kon\u010dal na\u0161 4 dnevni izlet po Makedoniji.<\/p>\n\n\n\n<p>\u0160e prej pa smo se vozili z avtobusom proti severu. Najprej smo se peljali mimo Struge, ki je zadnji ve\u010dji kraj ob Ohridskem jezeru. Tu je bilo albansko podro\u010dje. Posebej je bilo zanimivo opazovati velike, li\u010dne stanovanjske hi\u0161e, ki so imele skoraj vse zakrita okna s plasti\u010dnimi ruletami. Vodi\u010d nam je razlo\u017eil, da njihovi lastniki delajo v zahodni evropi. Po njihovi tradiciji pa je vedno eden od \u010dlanov dru\u017eine doma in skrbi za hi\u0161o in njeno okolico.<\/p>\n\n\n\n<p>Zopet smo se vozili po ozkih cestah in hribovitem svetu.  Na\u0161a pot je \u0161la po soteski ob reki Crni Drin. Ko smo dospeli do ve\u010djega albanskega mesta Debar, smo lahko opazovali veliko akumulacijsko jezero. Tu se je pot za\u010dela tudi bolj strmo vzpenjati proti samostanu sv. Jovan Bigorski.<\/p>\n\n\n\n<p><iframe loading=\"lazy\" src=\"https:\/\/www.google.com\/maps\/d\/u\/0\/embed?mid=1P4Z-UZFWO5XUtENeMn7CSwFLSq-GUHc&amp;ehbc=2E312F\" width=\"640\" height=\"480\"><\/iframe><\/p>\n\n\n\n<p>Avtobus nas je pustil ob ve\u010dji gostilni: House of Mijaks Ethno-Restaurant. Mi pa smo pe\u0161 krenili v breg proti samostanu sv. Jovan Bigorski. Med potjo sem slikal fotogeni\u010dne gore Bistre, ki so jih polep\u0161ale vasi po njenih bregovih. Karizmati\u010dne d\u017eamije pa so samo prispevale k lepoti vsega skupaj (Slika 1).<\/p>\n\n\n\n<figure class=\"wp-block-image size-large\"><img loading=\"lazy\" decoding=\"async\" width=\"1024\" height=\"768\" src=\"https:\/\/sesgs.si\/pohodi\/wp-content\/uploads\/2023\/07\/P7030229-1024x768.png\" alt=\"\" class=\"wp-image-579\" srcset=\"https:\/\/sesgs.si\/pohodi\/wp-content\/uploads\/2023\/07\/P7030229-1024x768.png 1024w, https:\/\/sesgs.si\/pohodi\/wp-content\/uploads\/2023\/07\/P7030229-300x225.png 300w, https:\/\/sesgs.si\/pohodi\/wp-content\/uploads\/2023\/07\/P7030229-768x576.png 768w, https:\/\/sesgs.si\/pohodi\/wp-content\/uploads\/2023\/07\/P7030229.png 1200w\" sizes=\"auto, (max-width: 1024px) 100vw, 1024px\" \/><figcaption class=\"wp-element-caption\">Slika 1: Pogled na pogorje Bistra<\/figcaption><\/figure>\n\n\n\n<p>Samostan sv. Jovan Bigorski (Sveti Jovan Bigorski) je priznani pravoslavni samostan, ki se nahaja v zahodnem delu Severne Makedonije, v bli\u017eini vasi Rostu\u0161e. Ta samostan je eden izmed najpomembnej\u0161ih verskih in kulturnih sredi\u0161\u010d v dr\u017eavi ter priljubljena turisti\u010dna atrakcija (Slika 2).<\/p>\n\n\n\n<figure class=\"wp-block-image size-large\"><img loading=\"lazy\" decoding=\"async\" width=\"1024\" height=\"768\" src=\"https:\/\/sesgs.si\/pohodi\/wp-content\/uploads\/2023\/07\/P7030223-1024x768.png\" alt=\"\" class=\"wp-image-581\" srcset=\"https:\/\/sesgs.si\/pohodi\/wp-content\/uploads\/2023\/07\/P7030223-1024x768.png 1024w, https:\/\/sesgs.si\/pohodi\/wp-content\/uploads\/2023\/07\/P7030223-300x225.png 300w, https:\/\/sesgs.si\/pohodi\/wp-content\/uploads\/2023\/07\/P7030223-768x576.png 768w, https:\/\/sesgs.si\/pohodi\/wp-content\/uploads\/2023\/07\/P7030223.png 1200w\" sizes=\"auto, (max-width: 1024px) 100vw, 1024px\" \/><figcaption class=\"wp-element-caption\">Slika 2: Samostan sv. Jovan Bigorski<\/figcaption><\/figure>\n\n\n\n<p>Samostan sv. Jovan Bigorski je znan po svoji slikoviti lokaciji, ki se nahaja na pobo\u010dju planine Bistra, obdani z bujnim gozdom in \u010dudovitim pogledom na slikovito reko Radika. Samostan je zgrajen v tradicionalnem balkanskem slogu in se pona\u0161a z izjemno arhitekturo.<\/p>\n\n\n\n<p>Najve\u010dja atrakcija samostana sv. Jovan Bigorski je njegova osupljiva cerkev, posve\u010dena sv. Janezu Krstniku. Cerkev je znana po svojih izjemnih freskah, ki prikazujejo verske motive in prizore iz Svetega pisma. Freske so izjemno podrobne in barvite, kar pri\u010da o izjemni obrtni\u0161ki spretnosti in verski predanosti ustvarjalcev.<\/p>\n\n\n\n<figure class=\"wp-block-image size-large\"><img loading=\"lazy\" decoding=\"async\" width=\"1024\" height=\"768\" src=\"https:\/\/sesgs.si\/pohodi\/wp-content\/uploads\/2023\/07\/P7030248-1024x768.png\" alt=\"\" class=\"wp-image-582\" srcset=\"https:\/\/sesgs.si\/pohodi\/wp-content\/uploads\/2023\/07\/P7030248-1024x768.png 1024w, https:\/\/sesgs.si\/pohodi\/wp-content\/uploads\/2023\/07\/P7030248-300x225.png 300w, https:\/\/sesgs.si\/pohodi\/wp-content\/uploads\/2023\/07\/P7030248-768x576.png 768w, https:\/\/sesgs.si\/pohodi\/wp-content\/uploads\/2023\/07\/P7030248.png 1200w\" sizes=\"auto, (max-width: 1024px) 100vw, 1024px\" \/><figcaption class=\"wp-element-caption\">Slika 3: Cerkev sv. Janeza Krstnika<\/figcaption><\/figure>\n\n\n\n<p>Samostanska cerkev hrani tudi relikvijo &#8211; del\u010dek desnice sv. Janeza Krstnika, ki je zelo spo\u0161tovana med verniki. Vsako leto na dan sv. Janeza Krstnika, 7. julija, se v samostanu odvija slovesnost, ki privabi veliko romarjev in obiskovalcev.<\/p>\n\n\n\n<p>Poleg cerkve samostan sv. Jovan Bigorski ponuja tudi druge zanimivosti, kot so muzej z verskimi artefakti, dragocenimi rokopisi in ikonami. Obiskovalci imajo prilo\u017enost sprehoditi se po samostanskem kompleksu, ob\u010dudovati okoli\u0161ko naravo in se poglobiti v duhovno vzdu\u0161je kraja.<\/p>\n\n\n\n<figure class=\"wp-block-image size-large\"><img loading=\"lazy\" decoding=\"async\" width=\"1024\" height=\"768\" src=\"https:\/\/sesgs.si\/pohodi\/wp-content\/uploads\/2023\/07\/P7030238-1024x768.png\" alt=\"\" class=\"wp-image-583\" srcset=\"https:\/\/sesgs.si\/pohodi\/wp-content\/uploads\/2023\/07\/P7030238-1024x768.png 1024w, https:\/\/sesgs.si\/pohodi\/wp-content\/uploads\/2023\/07\/P7030238-300x225.png 300w, https:\/\/sesgs.si\/pohodi\/wp-content\/uploads\/2023\/07\/P7030238-768x576.png 768w, https:\/\/sesgs.si\/pohodi\/wp-content\/uploads\/2023\/07\/P7030238.png 1200w\" sizes=\"auto, (max-width: 1024px) 100vw, 1024px\" \/><figcaption class=\"wp-element-caption\">Slika 4: Samostanski kompleks<\/figcaption><\/figure>\n\n\n\n<p>Samostan sv. Jovan Bigorski je tudi izhodi\u0161\u010dna to\u010dka za raziskovanje bli\u017enje naravne lepote, kot je narodni park Mavrovo, kjer se nahaja tudi ena najvi\u0161jih gora v Severni Makedoniji, Golem Korab.<\/p>\n\n\n\n<p>V samostanu sem opazil tudi papigo, ki je bila v kletki. \u0160lo je za Aro, ki je ena od vrst papig. Ara je splo\u0161en izraz, ki se uporablja za skupino velikih in barvitih ptic iz dru\u017eine psitacidov. Te ptice so znane po svojih \u017eivahnih barvah, mo\u010dnem kljunu in dru\u017eabni naravi.<\/p>\n\n\n\n<p>Ara je \u0161irok pojem, ki vklju\u010duje ve\u010d vrst papig. Nekatere pogoste vrste ar vklju\u010dujejo modro-andsko aro (Ara ararauna), rumenoglavato aro (Ara macao), zeleno aro (Ara militaris), rde\u010de\u0161apo aro (Ara chloropterus) in veliko aro (Ara ambiguus).<\/p>\n\n\n\n<p>Papige are so domorodne v razli\u010dnih delih Ju\u017ene Amerike, predvsem v tropskih in subtropskih obmo\u010djih. So izjemno inteligentne in dru\u017eabne ptice, ki se pogosto gojijo kot hi\u0161ni ljubljen\u010dki. Zaradi svojih \u017eivahnih barv, sposobnosti govorjenja in interaktivnosti so papige ara zelo priljubljene med ljubitelji ptic.<\/p>\n\n\n\n<p>V naravi ara obi\u010dajno \u017eivijo v gozdovih, kjer se hranijo z razli\u010dnimi semeni, sadjem, ore\u0161\u010dki in rastlinsko hrano. Imajo mo\u010dan kljun, ki jim omogo\u010da lomljenje trdih lupin in obdelavo hrane.<\/p>\n\n\n\n<p>Papige ara so znane tudi po svoji dolgo\u017eivosti. Lahko \u017eivijo ve\u010d desetletij, nekatere celo do 80 let ali ve\u010d. To pomeni, da je lastni\u0161tvo papige ara dolgoro\u010dna zaveza in zahteva ustrezno skrb, pozornost in prostor za gibanje.<\/p>\n\n\n\n<p>Poleg tega je v naravi ve\u010d vrst ar ogro\u017eenih zaradi izgube habitata, nezakonitega lova in trgovanja z divjimi pticami. Zato je pomembno spodbujati ohranjanje teh \u010dudovitih ptic in podpirati programe za njihovo za\u0161\u010dito in pre\u017eivetje v naravi.<\/p>\n\n\n\n<p><iframe loading=\"lazy\" width=\"560\" height=\"315\" src=\"https:\/\/www.youtube.com\/embed\/dhm_PoqZ-Oo\" title=\"YouTube video player\" frameborder=\"0\" allow=\"accelerometer; autoplay; clipboard-write; encrypted-media; gyroscope; picture-in-picture; web-share\" allowfullscreen=\"\"><\/iframe><\/p>\n\n\n\n<p>Avtobus nas je vozil v nadaljevanju mimo akumulacijskega jeza Mavrovo,  Tetova. Ciljna destinacija pa je bilo Skopsko letali\u0161\u010de. Letalo nas je odpeljalo do Zagreb\u0161kega letali\u0161\u010da. Od tu pa avtobus do Kranja.<\/p>\n\n\n\n<p>Potepanje po son\u010dni Makedoniji je bilo v\u0161e\u010dno. Sprehodili smo se skozi Skopje, kateremu \u0161arm daje Vardar. Skopska arhitektura pa se napaja iz tur\u0161kih \u010dasov in iz modernej\u0161ih slogov. V mestu imajo ogromno skulptur, ki upodabljajo znamenite Makedonce.<\/p>\n\n\n\n<p>Obisk Kavadarcev in tovarne Tikve\u0161, ki proizvaja odli\u010dno vino, je bilo zanimivo iz strokovnega in degustacijskega vidika.<\/p>\n\n\n\n<p>Bitola je tipi\u010dno makedonsko mesto z glavno mestno promenado, ob kateri so \u0161tevilni gostinski, trgovski in drugi storitveni obrati. Na ulicah lahko vidite ogromno ljudi.<\/p>\n\n\n\n<p>Ohrid je mesto, kateremu \u010dar daje modro, veliko jezero. Ljudje se tu kopajo, vozijo po njem z raznimi plovili. Ima veliko turisti\u010dne infrastrukture. Za mestom, dokaj visoko v bregu, se bohoti Tvr\u0111ava, kot ji re\u010dejo Srbi (Slika 5).<\/p>\n\n\n\n<figure class=\"wp-block-image size-large\"><img loading=\"lazy\" decoding=\"async\" width=\"1024\" height=\"768\" src=\"https:\/\/sesgs.si\/pohodi\/wp-content\/uploads\/2023\/07\/IMG_20230702_162547-1024x768.jpg\" alt=\"\" class=\"wp-image-586\" srcset=\"https:\/\/sesgs.si\/pohodi\/wp-content\/uploads\/2023\/07\/IMG_20230702_162547-1024x768.jpg 1024w, https:\/\/sesgs.si\/pohodi\/wp-content\/uploads\/2023\/07\/IMG_20230702_162547-300x225.jpg 300w, https:\/\/sesgs.si\/pohodi\/wp-content\/uploads\/2023\/07\/IMG_20230702_162547-768x576.jpg 768w, https:\/\/sesgs.si\/pohodi\/wp-content\/uploads\/2023\/07\/IMG_20230702_162547-1536x1152.jpg 1536w, https:\/\/sesgs.si\/pohodi\/wp-content\/uploads\/2023\/07\/IMG_20230702_162547-2048x1536.jpg 2048w\" sizes=\"auto, (max-width: 1024px) 100vw, 1024px\" \/><figcaption class=\"wp-element-caption\">Slika 5: Tvr\u0111ava na Ohridu<\/figcaption><\/figure>\n\n\n\n<p>Ogledali smo se tudi dva makedonska samostana: Sveti Naum in Jovan Bitovski. Oba imata bogato notranjo opremo. \u010cloveka impresionira, ko mu povedo, da so manj\u0161i okra\u0161en steber iz lesa delali po ve\u010d let. Ob\u010dudovali smo tudi lahko verske ikone v teh prostorih.<\/p>\n\n\n\n<p>\u0160lo je za prijeten izlet v poletnih dnevih, ki ga nikoli ne bomo pozabili.<\/p>\n","protected":false},"excerpt":{"rendered":"<p>Zbudili smo se v son\u010dnem ponedeljekovem jutru. Ta dan nas je \u010dakala pot proti Skopju. Potem pa let z letolom iz Skopskega letali\u0161\u010da do Zagreba. Na koncu nas je avtobus odpeljal do \u0160C Kranj. Tako se je kon\u010dal na\u0161 4 dnevni izlet po Makedoniji. \u0160e prej pa smo se vozili z avtobusom proti severu. Najprej &hellip; <a href=\"https:\/\/sesgs.si\/pohodi\/manastir-sv-jovan-bigorski-mavrovsko-jezero-4-dan-ponedeljek-3-7-2023\/\" class=\"more-link\">Preberi ve\u010d <span class=\"screen-reader-text\">Manastir sv. Jovan Bigorski, Mavrovsko jezero (4. dan, ponedeljek, 3. 7. 2023)<\/span> <span class=\"meta-nav\">&rarr;<\/span><\/a><\/p>\n","protected":false},"author":1,"featured_media":0,"parent":0,"menu_order":0,"comment_status":"closed","ping_status":"closed","template":"","meta":{"ngg_post_thumbnail":0,"footnotes":""},"class_list":["post-476","page","type-page","status-publish","hentry"],"_links":{"self":[{"href":"https:\/\/sesgs.si\/pohodi\/wp-json\/wp\/v2\/pages\/476","targetHints":{"allow":["GET"]}}],"collection":[{"href":"https:\/\/sesgs.si\/pohodi\/wp-json\/wp\/v2\/pages"}],"about":[{"href":"https:\/\/sesgs.si\/pohodi\/wp-json\/wp\/v2\/types\/page"}],"author":[{"embeddable":true,"href":"https:\/\/sesgs.si\/pohodi\/wp-json\/wp\/v2\/users\/1"}],"replies":[{"embeddable":true,"href":"https:\/\/sesgs.si\/pohodi\/wp-json\/wp\/v2\/comments?post=476"}],"version-history":[{"count":9,"href":"https:\/\/sesgs.si\/pohodi\/wp-json\/wp\/v2\/pages\/476\/revisions"}],"predecessor-version":[{"id":601,"href":"https:\/\/sesgs.si\/pohodi\/wp-json\/wp\/v2\/pages\/476\/revisions\/601"}],"wp:attachment":[{"href":"https:\/\/sesgs.si\/pohodi\/wp-json\/wp\/v2\/media?parent=476"}],"curies":[{"name":"wp","href":"https:\/\/api.w.org\/{rel}","templated":true}]}}